{"id":42,"date":"2023-12-07T12:18:34","date_gmt":"2023-12-07T11:18:34","guid":{"rendered":"https:\/\/printecopro.com\/?post_type=product&#038;p=42"},"modified":"2024-03-04T23:15:43","modified_gmt":"2024-03-04T22:15:43","slug":"stickers-personnalises","status":"publish","type":"product","link":"https:\/\/printecopro.com\/index.php\/product\/stickers-personnalises\/","title":{"rendered":"Stickers personnalis\u00e9s"},"content":{"rendered":"<p>Exprimez votre cr\u00e9ativit\u00e9 avec nos stickers personnalis\u00e9s, le moyen id\u00e9al de mettre en avant votre style unique. Imprimez votre logo, design ou message sur des stickers de haute qualit\u00e9, apportant une touche personnalis\u00e9e \u00e0 tout ce que vous touchez. Nos stickers offrent non seulement une personnalisation exceptionnelle, mais aussi une adh\u00e9sion fiable pour une utilisation polyvalente. Transformez vos id\u00e9es en r\u00e9alit\u00e9 de mani\u00e8re abordable, tout en garantissant une qualit\u00e9 qui r\u00e9siste \u00e0 l&#8217;\u00e9preuve du temps. Optez pour l&#8217;originalit\u00e9 avec nos stickers sur mesure.<\/p>\n","protected":false},"excerpt":{"rendered":"<p>Exprimez votre cr\u00e9ativit\u00e9 avec nos stickers personnalis\u00e9s, le moyen id\u00e9al de mettre en avant votre style unique. Imprimez votre logo, design ou message sur des stickers de haute qualit\u00e9, apportant une touche personnalis\u00e9e \u00e0 tout ce que vous touchez. Nos stickers offrent non seulement une personnalisation exceptionnelle, mais aussi une adh\u00e9sion fiable pour une utilisation polyvalente. Transformez vos id\u00e9es en r\u00e9alit\u00e9 de mani\u00e8re abordable, tout en garantissant une qualit\u00e9 qui r\u00e9siste \u00e0 l&#8217;\u00e9preuve du temps. Optez pour l&#8217;originalit\u00e9 avec nos stickers sur mesure.<\/p>\n","protected":false},"featured_media":35,"comment_status":"open","ping_status":"closed","template":"","meta":{"om_disable_all_campaigns":false,"_monsterinsights_skip_tracking":false,"_monsterinsights_sitenote_active":false,"_monsterinsights_sitenote_note":"","_monsterinsights_sitenote_category":0},"product_cat":[32],"product_tag":[22],"class_list":{"0":"post-42","1":"product","2":"type-product","3":"status-publish","4":"has-post-thumbnail","6":"product_cat-cartes-et-stickers","7":"product_tag-carte-de-visite","9":"first","10":"instock","11":"sale","12":"sold-individually","13":"taxable","14":"shipping-taxable","15":"purchasable","16":"product-type-variable","17":"has-default-attributes"},"aioseo_notices":[],"acf":[],"jetpack_sharing_enabled":true,"_links":{"self":[{"href":"https:\/\/printecopro.com\/index.php\/wp-json\/wp\/v2\/product\/42","targetHints":{"allow":["GET"]}}],"collection":[{"href":"https:\/\/printecopro.com\/index.php\/wp-json\/wp\/v2\/product"}],"about":[{"href":"https:\/\/printecopro.com\/index.php\/wp-json\/wp\/v2\/types\/product"}],"replies":[{"embeddable":true,"href":"https:\/\/printecopro.com\/index.php\/wp-json\/wp\/v2\/comments?post=42"}],"wp:featuredmedia":[{"embeddable":true,"href":"https:\/\/printecopro.com\/index.php\/wp-json\/wp\/v2\/media\/35"}],"wp:attachment":[{"href":"https:\/\/printecopro.com\/index.php\/wp-json\/wp\/v2\/media?parent=42"}],"wp:term":[{"taxonomy":"product_cat","embeddable":true,"href":"https:\/\/printecopro.com\/index.php\/wp-json\/wp\/v2\/product_cat?post=42"},{"taxonomy":"product_tag","embeddable":true,"href":"https:\/\/printecopro.com\/index.php\/wp-json\/wp\/v2\/product_tag?post=42"}],"curies":[{"name":"wp","href":"https:\/\/api.w.org\/{rel}","templated":true}]}}