{"id":122,"date":"2023-12-07T19:58:15","date_gmt":"2023-12-07T18:58:15","guid":{"rendered":"https:\/\/printecopro.com\/?page_id=122"},"modified":"2024-02-06T22:24:20","modified_gmt":"2024-02-06T21:24:20","slug":"contact","status":"publish","type":"page","link":"https:\/\/printecopro.com\/index.php\/contact\/","title":{"rendered":"Contactez-nous"},"content":{"rendered":"\n<p class=\"has-text-align-justify\" style=\"font-size:16px\"><em>Des questions, besoin de conseils personnalis\u00e9s ? Notre \u00e9quipe d\u00e9vou\u00e9e chez Print Eco Pro est l\u00e0 pour vous accompagner \u00e0 chaque \u00e9tape. N&#8217;h\u00e9sitez pas \u00e0 nous contacter via le formulaire ci-dessous pour des informations suppl\u00e9mentaires, des demandes sp\u00e9cifiques ou simplement pour \u00e9changer sur vos projets d&#8217;impression.<\/em> <br><br><em>Vous pouvez aussi nous transmettre vos propres fichiers pour un projet personnalis\u00e9 via le formulaire ci-dessous et nous reviendrons vers vous dans les meilleurs d\u00e9lais.<\/em><\/p>\n\n\n\n<p><\/p>\n\n\n<div class=\"forminator-ui forminator-custom-form forminator-custom-form-284 forminator-design--default  \" data-forminator-render=\"0\" data-form=\"forminator-module-284\" data-uid=\"69fb176d7f1d4\"><br\/><\/div><form\n\t\t\t\tid=\"forminator-module-284\"\n\t\t\t\tclass=\"forminator-ui forminator-custom-form forminator-custom-form-284 forminator-design--default  \"\n\t\t\t\tmethod=\"post\"\n\t\t\t\tdata-forminator-render=\"0\"\n\t\t\t\tdata-form-id=\"284\"\n\t\t\t\t\n\t\t\t\tdata-design=\"default\"\n\t\t\t\t\n\t\t\t\t\n\t\t\t\t\n\t\t\t\tdata-grid=\"open\"\n\t\t\t\tenctype=\"multipart\/form-data\"\n\t\t\t\t\n\t\t\t\tstyle=\"display: none;\"\n\t\t\t\t\n\t\t\t\tdata-uid=\"69fb176d7f1d4\"\n\t\t\t><div role=\"alert\" aria-live=\"polite\" class=\"forminator-response-message forminator-error\" aria-hidden=\"true\"><\/div><div class=\"forminator-row\"><div id=\"name-1\" class=\"forminator-field-name forminator-col forminator-col-12 \"><div class=\"forminator-field\"><label for=\"forminator-field-name-1_69fb176d7f1d4\" id=\"forminator-field-name-1_69fb176d7f1d4-label\" class=\"forminator-label\">Nom <span class=\"forminator-required\">*<\/span><\/label><input type=\"text\" name=\"name-1\" value=\"\" placeholder=\"E.g. John\" id=\"forminator-field-name-1_69fb176d7f1d4\" class=\"forminator-input forminator-name--field\" aria-required=\"true\" \/><\/div><\/div><\/div><div class=\"forminator-row\"><div id=\"email-1\" class=\"forminator-field-email forminator-col forminator-col-12 \"><div class=\"forminator-field\"><label for=\"forminator-field-email-1_69fb176d7f1d4\" id=\"forminator-field-email-1_69fb176d7f1d4-label\" class=\"forminator-label\">Adresse e-mail <span class=\"forminator-required\">*<\/span><\/label><input type=\"email\" name=\"email-1\" value=\"\" placeholder=\"E.g. john@doe.com\" id=\"forminator-field-email-1_69fb176d7f1d4\" class=\"forminator-input forminator-email--field\" data-required=\"true\" aria-required=\"true\" \/><\/div><\/div><\/div><div class=\"forminator-row\"><div id=\"phone-1\" class=\"forminator-field-phone forminator-col forminator-col-12 \"><div class=\"forminator-field\"><label for=\"forminator-field-phone-1_69fb176d7f1d4\" id=\"forminator-field-phone-1_69fb176d7f1d4-label\" class=\"forminator-label\">T\u00e9lephone<\/label><input type=\"text\" name=\"phone-1\" value=\"\" placeholder=\"E.g. +1 3004005000\" id=\"forminator-field-phone-1_69fb176d7f1d4\" class=\"forminator-input forminator-field--phone\" data-required=\"\" aria-required=\"false\" autocomplete=\"off\" \/><\/div><\/div><\/div><div class=\"forminator-row\"><div id=\"textarea-1\" class=\"forminator-field-textarea forminator-col forminator-col-12 \"><div class=\"forminator-field\"><label for=\"forminator-field-textarea-1_69fb176d7f1d4\" id=\"forminator-field-textarea-1_69fb176d7f1d4-label\" class=\"forminator-label\">Message<\/label><textarea name=\"textarea-1\" placeholder=\"Entrez votre message...\" id=\"forminator-field-textarea-1_69fb176d7f1d4\" class=\"forminator-textarea\" rows=\"6\" style=\"min-height:140px;\" maxlength=\"180\" ><\/textarea><span id=\"forminator-field-textarea-1_69fb176d7f1d4-description\" class=\"forminator-description\"><span data-limit=\"180\" data-type=\"characters\">0 \/ 180<\/span><\/span><\/div><\/div><\/div><div class=\"forminator-row\"><div id=\"upload-1\" class=\"forminator-field-upload forminator-col forminator-col-12 \"><div class=\"forminator-field\"><label for=\"forminator-field-upload-1_69fb176d7f1d4\" id=\"forminator-field-upload-1_69fb176d7f1d4-label\" class=\"forminator-label\">T\u00e9l\u00e9chargez votre fichier<\/label><div class=\"forminator-file-upload \" data-element=\"upload-1_69fb176d7f1d4\" aria-describedby=\"forminator-field-upload-1_69fb176d7f1d4-description\"><input type=\"file\" name=\"upload-1\" id=\"forminator-field-upload-1_69fb176d7f1d4\" class=\"forminator-input-file\" accept=\".jpg,.jpeg,.jpe,.gif,.png,.bmp,.tiff,.tif,.webp,.ico,.heic,.asf,.asx,.wmv,.wmx,.wm,.avi,.divx,.flv,.mov,.qt,.mpeg,.mpg,.mpe,.mp4,.m4v,.ogv,.webm,.mkv,.3gp,.3gpp,.3g2,.3gp2,.txt,.asc,.c,.cc,.h,.srt,.csv,.tsv,.ics,.rtx,.css,.htm,.html,.vtt,.dfxp,.mp3,.m4a,.m4b,.aac,.ra,.ram,.wav,.ogg,.oga,.flac,.mid,.midi,.wma,.wax,.mka,.rtf,.js,.pdf,.class,.tar,.zip,.gz,.gzip,.rar,.7z,.psd,.xcf,.doc,.pot,.pps,.ppt,.wri,.xla,.xls,.xlt,.xlw,.mdb,.mpp,.docx,.docm,.dotx,.dotm,.xlsx,.xlsm,.xlsb,.xltx,.xltm,.xlam,.pptx,.pptm,.ppsx,.ppsm,.potx,.potm,.ppam,.sldx,.sldm,.onetoc,.onetoc2,.onetmp,.onepkg,.oxps,.xps,.odt,.odp,.ods,.odg,.odc,.odb,.odf,.wp,.wpd,.key,.numbers,.pages\"><button id=\"forminator-field-upload-1_69fb176d7f1d4_button\" class=\"forminator-button forminator-button-upload\" data-id=\"forminator-field-upload-1_69fb176d7f1d4\">Choisissez un fichier<\/button><span data-empty-text=\"Aucun fichier s\u00e9lectionn\u00e9\">Aucun fichier s\u00e9lectionn\u00e9<\/span><button class=\"forminator-button-delete\" style=\"display: none;\"><i class=\"forminator-icon-close\" aria-hidden=\"true\"><\/i><span class=\"forminator-screen-reader-only\">Supprimer le fichier t\u00e9l\u00e9vers\u00e9<\/span><\/button><\/div><\/div><\/div><\/div><input type=\"hidden\" name=\"referer_url\" value=\"\" \/><div class=\"forminator-row forminator-row-last\"><div class=\"forminator-col\"><div class=\"forminator-field\"><button class=\"forminator-button forminator-button-submit\">Envoyer<\/button><\/div><\/div><\/div><input type=\"hidden\" id=\"forminator_nonce\" name=\"forminator_nonce\" value=\"45b1aa20a3\" \/><input type=\"hidden\" name=\"_wp_http_referer\" value=\"\/index.php\/wp-json\/wp\/v2\/pages\/122\" \/><input type=\"hidden\" name=\"form_id\" value=\"284\"><input type=\"hidden\" name=\"page_id\" value=\"122\"><input type=\"hidden\" name=\"form_type\" value=\"default\"><input type=\"hidden\" name=\"current_url\" value=\"https:\/\/printecopro.com\/index.php\/contact\/\"><input type=\"hidden\" name=\"render_id\" value=\"0\"><input type=\"hidden\" name=\"action\" value=\"forminator_submit_form_custom-forms\"><\/form>\n\n\n","protected":false},"excerpt":{"rendered":"<p>Des questions, besoin de conseils personnalis\u00e9s ? Notre \u00e9quipe d\u00e9vou\u00e9e chez Print Eco Pro est l\u00e0 pour vous accompagner \u00e0 chaque \u00e9tape. N&#8217;h\u00e9sitez pas \u00e0 nous contacter via le formulaire ci-dessous pour des informations suppl\u00e9mentaires, des demandes sp\u00e9cifiques ou simplement pour \u00e9changer sur vos projets d&#8217;impression. Vous pouvez aussi nous transmettre vos propres fichiers pour [&hellip;]<\/p>\n","protected":false},"author":1,"featured_media":0,"parent":0,"menu_order":0,"comment_status":"closed","ping_status":"closed","template":"","meta":{"om_disable_all_campaigns":false,"_monsterinsights_skip_tracking":false,"_monsterinsights_sitenote_active":false,"_monsterinsights_sitenote_note":"","_monsterinsights_sitenote_category":0,"footnotes":""},"class_list":["post-122","page","type-page","status-publish","hentry"],"aioseo_notices":[],"acf":[],"jetpack_sharing_enabled":true,"_links":{"self":[{"href":"https:\/\/printecopro.com\/index.php\/wp-json\/wp\/v2\/pages\/122","targetHints":{"allow":["GET"]}}],"collection":[{"href":"https:\/\/printecopro.com\/index.php\/wp-json\/wp\/v2\/pages"}],"about":[{"href":"https:\/\/printecopro.com\/index.php\/wp-json\/wp\/v2\/types\/page"}],"author":[{"embeddable":true,"href":"https:\/\/printecopro.com\/index.php\/wp-json\/wp\/v2\/users\/1"}],"replies":[{"embeddable":true,"href":"https:\/\/printecopro.com\/index.php\/wp-json\/wp\/v2\/comments?post=122"}],"version-history":[{"count":16,"href":"https:\/\/printecopro.com\/index.php\/wp-json\/wp\/v2\/pages\/122\/revisions"}],"predecessor-version":[{"id":286,"href":"https:\/\/printecopro.com\/index.php\/wp-json\/wp\/v2\/pages\/122\/revisions\/286"}],"wp:attachment":[{"href":"https:\/\/printecopro.com\/index.php\/wp-json\/wp\/v2\/media?parent=122"}],"curies":[{"name":"wp","href":"https:\/\/api.w.org\/{rel}","templated":true}]}}